 + z. List the prime factors of m.
2, 7
Let j(c) = c**2 + 4*c - 9. Let o(x) = x**2 + 5*x - 8. Let v(m) = -2*j(m) + 3*o(m). What are the prime factors of v(-9)?
2, 3
Let a = -8 - -8. Let v = 0 - -4. Suppose 2*z + 4 = 0, a = v*k - 2*z - 134 + 22. What are the prime factors of k?
3
Let m(f) = f**3 + 11*f**2 - 23*f + 46. List the prime factors of m(-12).
2, 89
Let j(i) = i**2 - 57*i + 42. List the prime factors of j(-27).
2, 3, 5, 7, 11
Let r be 1 + 622/12 + (-2)/(-12). Suppose -18 = -2*w - z, 4*w + 5*z = r - 23. List the prime factors of w.
2, 5
Let r be ((-1)/3)/(2/(-78)). Let w(d) be the first derivative of -d**3/3 + 7*d**2 + 21*d - 441. List the prime factors of w(r).
2, 17
Suppose 5 - 45 = -4*m. Suppose -2*x = 3*x - m. List the prime factors of (19/x)/(4/8).
19
Let s = 31 + 1716. List the prime factors of s.
1747
Let j(t) = 111*t**2 + 65*t + 3. What are the prime factors of j(-4)?
7, 31
Let m = 79 + -387. What are the prime factors of 72/2*m/(-42)?
2, 3, 11
Suppose -10*m - 10 = -60. Suppose -2*p = -m*f + 970, 5*f - 3*p - 855 = 110. What are the prime factors of f?
2, 7
Suppose 26894 = -285*j + 292*j. What are the prime factors of j?
2, 17, 113
What are the prime factors of 7 + (-17165)/(-20)*(-1 + 5)?
2, 5, 43
Let u(k) = k - 1. Let w(i) = 3 - 7*i + 5*i - 2*i + 5*i. Let l(z) = -6*u(z) - w(z). List the prime factors of l(-4).
31
Suppose -5*x + 2*i + 2899 = -370, -4*x - 5*i = -2602. What are the prime factors of x?
653
Suppose 0 = 17*f - 14873 - 25400. List the prime factors of f.
23, 103
Let f be ((-5)/3)/((-19)/57). Suppose f*z - 3*t = 2*t + 925, 2*t = -3*z + 540. List the prime factors of z.
2, 7, 13
Suppose t - 6*t = 75. List the prime factors of 99 + 5/(t/12).
5, 19
Let w = 465 - -56. What are the prime factors of w?
521
Suppose 5*n = -o + 8852, -2*n + 3532 = o - 5*o. What are the prime factors of n?
2, 3, 5, 59
Let o = -33 + 26. Let w(l) = -29*l - 10. List the prime factors of w(o).
193
Suppose 0 = -q + n - 325 + 4495, 8319 = 2*q + 5*n. What are the prime factors of q?
3, 463
Suppose -4*h + 8 = -2*h. Suppose h*z - 9 = 3. Suppose -52 = -z*c - 22. What are the prime factors of c?
2, 5
Let o(u) = u**3 - 12*u**2 + 12*u - 1. Let a be o(11). List the prime factors of ((-6)/4)/((-1)/a).
3, 5
Let p be 1/6 + 67/(-6). Let s be 2/p + 68/11. Suppose -5*x + s*x = 27. What are the prime factors of x?
3
Let f(s) = 5*s + 491. What are the prime factors of f(31)?
2, 17, 19
Suppose 24*u + 4917 = 35*u. What are the prime factors of u?
3, 149
Suppose 2*z = -2*k - 4 - 0, 2*k = 2. Let q(g) = g**2 - 10*g - 16. Let a be q(12). Let l = z + a. List the prime factors of l.
5
Suppose -3*c - 4 = 2*u, 9 + 7 = 3*u - c. Suppose 4*d - 3 = u*l - 35, -d + 17 = 4*l. Let r(s) = -s**3 + 5*s**2 + 2*s - 7. List the prime factors of r(l).
3
List the prime factors of 2275/3 + (-8)/6 - 5.
2, 47
Let o(h) = -2*h - 11. Let l be o(-7). Suppose -6*x + 393 = -l*x. Suppose 3*y = -23 + x. List the prime factors of y.
2, 3
Let n = 869 - 311. List the prime factors of n.
2, 3, 31
Suppose 8*z = -4*z. What are the prime factors of 78*(z/(-3) - -3)?
2, 3, 13
What are the prime factors of (-1 + -33)*((-1)/2 + -1)?
3, 17
Let k(j) = -j**3 + 15*j**2 - 19*j + 8. List the prime factors of k(-10).
2, 19, 71
Let q(j) = -569*j + 16. List the prime factors of q(-3).
1723
Let w = 2754 - -1180. What are the prime factors of w?
2, 7, 281
Let r = -46 + 44. Let d(c) = 28*c**2 + 4*c + 7. What are the prime factors of d(r)?
3, 37
Suppose -14*s = -13*s - 5. Let z(a) = -a**3 + 7*a**2 + a + 1. List the prime factors of z(s).
2, 7
Suppose 2*b + 0*b + 298 = o, 5*b + 715 = -5*o. Let u = 39 + -132. Let j = u - b. List the prime factors of j.
2, 3
Suppose 4*n = 5*p + 514, -p = p + 5*n + 199. Let c = p + 168. What are the prime factors of c?
2, 3, 11
Suppose 133 = 3*i + 13. Let r = -569 - -582. Suppose -8*c = -r*c + i. What are the prime factors of c?
2
Suppose -a + 946 = 2*v - 87, v = 5*a + 522. Suppose -182 = 5*h - v. What are the prime factors of h?
67
List the prime factors of (1564/(-6))/((-3)/54*6).
2, 17, 23
What are the prime factors of 15*10 + 4/8*-8?
2, 73
Let l(j) = -4*j**2 + 4*j - 7. Let h = -17 + 23. Let v be l(h). Let q = -70 - v. What are the prime factors of q?
3, 19
Suppose -3*q - 18 = -4*q. Suppose -x + q = -5*z, 9 = 5*x - 0*x + 2*z. Suppose b - 40 = -b + 2*u, b - 28 = -x*u. List the prime factors of b.
2, 11
Let s(k) = -26*k - 6. Let a be s(3). Let q = a + 124. Suppose -q - 32 = -4*z. What are the prime factors of z?
2, 3
Let p = 71 + -30. Let o = 78 - p. What are the prime factors of o?
37
Let t(l) = 13*l + 112. Let j be t(-8). Let n be -124*(-1 + 1/(-4)). Suppose -3*w = -j*w + n. List the prime factors of w.
31
Let w(l) = 187*l**2 - 3*l + 2. What are the prime factors of w(-2)?
2, 3, 7
Let i be 9/21 - (-72)/28. Suppose 0 = 5*o - 3*z - 0*z - 645, i*z = o - 129. List the prime factors of o.
3, 43
Let q(u) = 285*u**2 - 4*u + 4. Let f(n) = 3*n + 1. Let o be f(0). List the prime factors of q(o).
3, 5, 19
Suppose -535*t + 12299 = -528*t. What are the prime factors of t?
7, 251
Let l = -40 - -30. Let z(h) = h**3 + 10*h**2 - 2*h + 14. List the prime factors of z(l).
2, 17
Let y(q) = -q**3 - 36*q**2 + 34*q - 90. What are the prime factors of y(-37)?
3, 7
Suppose -6*w + 304 = -14*w. Let t = -20 - w. List the prime factors of t.
2, 3
Let j = -267 - -398. What are the prime factors of j?
131
What are the prime factors of ((-19144)/24 - 11)/(4/(-6))?
1213
Let w = 542 - -1773. List the prime factors of w.
5, 463
Suppose 6 - 8 = -w. Suppose -4*f - 89 = -2*p + 5, -90 = -w*p + 3*f. Suppose -3*t = -p - 54. List the prime factors of t.
31
Suppose -o - 3*r + 1469 = 0, -4*r = o - 90 - 1384. What are the prime factors of o?
2, 727
Let n = 1516 + -1003. List the prime factors of n.
3, 19
Let d(f) = -3396*f**3 + f**2 + 5*f + 3. What are the prime factors of d(-1)?
5, 7, 97
Let l = 439 + 380. Suppose -b - 2*b = -l. What are the prime factors of b?
3, 7, 13
Let c be (19136/276)/(2/(-6) + 0). Let u = 345 + c. What are the prime factors of u?
137
Suppose f - 4*f + 963 = 0. Let h = -227 + f. Let c = -44 + h. List the prime factors of c.
2, 5
Suppose 6*j = 14959 + 3947. List the prime factors of j.
23, 137
Let k = -70 - -97. What are the prime factors of k?
3
Let r be (5/(-15))/((-2)/(-6)) - 3. Let x(v) = 4*v**2 - 2*v + 5. What are the prime factors of x(r)?
7, 11
Let c = 96 + -96. Suppose 4*q - 4*b - 15 - 641 = c, b - 671 = -4*q. List the prime factors of q.
167
Suppose -107*r + 17460 = -92*r. List the prime factors of r.
2, 3, 97
Suppose 2*a = -x + 3714, a - 7444 = -3*a - 6*x. List the prime factors of a.
5, 7, 53
Let n be (40/(-50))/(1/(-5)). Suppose -n*m - 5*s = -234, 3*s - s - 284 = -5*m. Suppose f + 2*o - 5 - 6 = 0, -4*f = 5*o - m. List the prime factors of f.
19
Let d(b) be the second derivative of b**5/20 + 3*b**4/4 + 5*b**3/6 - 11*b**2/2 + 32*b. Let p be (2 - (-12)/(-9))*-12. What are the prime factors of d(p)?
13
Let f = 1050 + -25. What are the prime factors of f?
5, 41
Let q(v) = -v**2 + 12*v + 2. Let u be q(12). Let h be u/3 + (-32)/(-24). Suppose -m = -3, h*d - 2 = 3*m + 1. List the prime factors of d.
2, 3
Let s be 0*(-1)/(0 - -2). List the prime factors of (339/(-6) - (s + -1))*-2.
3, 37
Let n(g) = 34*g**2 - 9*g - 115. What are the prime factors of n(10)?
3, 5, 71
Suppose 0*y = 3*y + 3. Let h be (4 - y)*(-2)/(-2). Suppose 3*l + h*b - 43 = 0, -2*l + 18 = 2*b - 4*b. What are the prime factors of l?
11
Let o be (-4)/((-4)/3*3). Let h(z) be the second derivative of 25*z**4/12 - z**3/3 + z**2 + z. List the prime factors of h(o).
5
Suppose 3*v = -5*v + 96. Suppose -4*r + v*r = 1336. What are the prime factors of r?
167
Let u = -73 + 92. Suppose -l + 5*d = -u, -4*l - 14 + 90 = 2*d. What are the prime factors of l?
19
What are the prime factors of ((-11485)/(-75) - 4/30) + 0?
3, 17
Suppose 305 = -4*n + 929. Let r = n - 80. What are the prime factors of r?
2, 19
Let k be (-356 + 0)*6/(-12). Suppose -5*m = 3*x - k - 162, -3*m + 6 = 0. What are the prime factors of x?
2, 5, 11
Suppose 0 = -7*u + 17*u - 7980. List the prime factors of u.
2, 3, 7, 19
Let d(y) = 40*y**2 - 7*y - 34. List the prime factors of d(-5).
7, 11, 13
Let s(q) = q**3 - 27*q**2 - 161*q - 35. List the prime factors of s(33).
2, 593
Suppose 5*q - 3*t -